 5*g**2 + 4*g - 3. Let r be (-9)/3 - (-1 + -6). What is c(r)?
-3
Let n(w) be the third derivative of w**6/120 + w**5/20 - w**4/6 + 5*w**3/6 - 11*w**2. What is n(-4)?
5
Let m be 1 + (-1)/1 + 2. Suppose m*t - 14 = -2. Let o(k) = -t*k + 0*k - 5 + 4. Determine o(-1).
5
Let q(c) = -c. Suppose 1 = -4*k + 17, -4*t - 3*k = -176. Suppose g = -2*a - 13, 3*a + a + t = -5*g. What is q(a)?
4
Let x(y) = -y - 4. Let v be (-2)/(-3) - 11/3. Calculate x(v).
-1
Let n(g) = g + 21. Suppose -m = 5*y - 2, -8*m + 2 = -3*y - 7*m. Give n(y).
21
Let j(t) = 7*t**3 - 10*t**2 + t - 6. Let s(w) = w**3 - w**2 + w - 1. Let u(z) = j(z) - 6*s(z). Give u(5).
0
Suppose 0 = -4*i + 3*i. Suppose -n = -2*s + 3, -7 = 3*n + 2*s - 7*s. Let w = i - n. Let r(m) = 8*m - 1. What is r(w)?
-9
Let k(t) = -t**2 + 6*t. Suppose 0*p - 5*i - 20 = -5*p, -4*p - 2*i + 28 = 0. Calculate k(p).
0
Suppose 3*m = -m - 4. Let o(j) = 1 + 5*j**3 + 14*j**2 + 2*j**3 - 15*j**2. Give o(m).
-7
Let f(y) = y**2 - 3*y - 8. Let g be f(6). Suppose g = 2*s - 7*s. Let x be 2/s + (-6)/(-1). Let v(w) = -w**2 + 7*w - 6. Give v(x).
4
Let m(d) = d**3 - 4*d**2 - 4*d - 4. Suppose 0 = c - 3*c + 20. Let j be (-114)/(-42) - (-2)/7. Suppose v + v + j*h = c, -15 = -3*v - 3*h. Determine m(v).
1
Let a(h) = h**2 + 4*h - 1. Let o(w) = -w**2 - w - 1. Let z(v) = a(v) + 2*o(v). Let m = 4 - 5. Let x be m + 2 - (0 + -2). Determine z(x).
-6
Let t be 3/(-1) + 3/1. Let j(u) = -3*u**2 + 4*u**2 + 9*u + t*u**2 + 10. Give j(-7).
-4
Let l(y) = 22 + 2 + 2*y - 14 - 4*y. Calculate l(10).
-10
Let j(q) = -2*q**2 + 4. Let x(w) = 5*w**2 - 7. Let n(y) = -7*j(y) - 4*x(y). Calculate n(-1).
-6
Let f(o) be the second derivative of o**3/6 - o**2/2 - 2*o. What is f(1)?
0
Let o(p) = -1 + 4*p**2 + 53*p - 46*p - 3*p**2. Determine o(-7).
-1
Let s(o) = o. Let q(g) = -2*g. Let m(c) = 2*q(c) + 3*s(c). Determine m(9).
-9
Let w(q) be the second derivative of -q**4/24 - 5*q**3/6 + q**2 + 2*q. Let h(j) be the first derivative of w(j). Determine h(-5).
0
Suppose 16*s + 6 = 13*s. Let c(i) = -2*i**3 - 3*i**2 - 2*i - 2. Calculate c(s).
6
Let h(i) = i**2 + 2*i + 2. Let r = 4 + -4. Suppose 0 = 2*v + 5*f - 17, r = v - 2*v - f + 1. What is h(v)?
10
Let l(d) = d + 5. Let y be (3 + (-1 - 1))*-9. Determine l(y).
-4
Let t = -9 + 12. Let i(f) = -3*f + 2*f**t - 3*f**2 - f**3 - 4*f - f**2. Give i(5).
-10
Let g(k) = -k**3 - k**2 + k + 3. Let n be g(0). Let z(u) = n - 4 - 2*u + 5 - 3. Calculate z(2).
-3
Let b be (5/(-20))/(4/(-56)). Let t(j) be the second derivative of -2*j + 0 - 1/12*j**4 + 5/6*j**3 + b*j**2. Calculate t(5).
7
Let l(j) = 3*j - 7. Let p be 0*(2 - 7/3). Suppose 4*z + 20 = p, -2*v - 3*z = -v + 15. Suppose v*g + 5 = g. Determine l(g).
8
Suppose 7 = -4*x - 9. Let n(u) = 6*u + u**2 + 7 + 3 + 1 - 5. Give n(x).
-2
Let q be ((-44)/6)/((-1)/6). Let l be q/(-6) - 4/6. Let r(i) = -i**2 - 8*i + 2. Let a be r(l). Let z(d) = -d**3 + 2*d**2 + d. What is z(a)?
2
Let r = 7 - 4. Let v(c) = c**2 - 4*c + c + 2*c - c**r + 5. Give v(0).
5
Let o(b) be the second derivative of -b**5/60 - b**3/2 + 3*b**2/2 - 5*b. Let d(v) be the first derivative of o(v). What is d(0)?
-3
Let b(d) be the third derivative of 1/60*d**5 + 0*d + 1/3*d**3 + 1/120*d**6 - 5*d**2 + 0 + 0*d**4. Calculate b(0).
2
Let g(x) = -1 + 8 - x - 3*x + 3*x. Determine g(7).
0
Let l(i) = -5*i + 8*i + 67 - 66. Give l(7).
22
Let i(o) = -o**2 - 3*o + 4. Let z(t) = t**2 + 3*t - 5. Let p(w) = 3*i(w) + 4*z(w). Determine p(-6).
10
Let j(l) = 3 + 2 - l**2 - 6 - 5 + 6*l. Let p be 9/2 - 3/(-6). Let w be j(p). Let u(f) = -6*f**3 - 2*f**2 + 1. What is u(w)?
5
Suppose 3*t + 3*b - 6 = 0, -4*b - 12 - 10 = -2*t. Let n(h) = h**2 - 5*h - 1. What is n(t)?
-1
Let z(u) be the third derivative of 0*u - u**2 - 1/4*u**4 - 1/30*u**5 + 0 + 0*u**3. Determine z(-4).
-8
Let u be 3 + 0 + (-12 - -4) + 2. Let q(z) = 4*z**2 + 5*z + 2. What is q(u)?
23
Let a(v) = -v**3 + 3*v**2 - 7*v - 2. Let l(g) = -g**3 - g**2 + 1. Let w(f) = -a(f) + 2*l(f). Determine w(-6).
-2
Let h = 1 - 0. Let q(a) = h + 1 - 6*a + 1. What is q(2)?
-9
Suppose -3*y + 14 = 2*o, 3*o + 0*o - 5*y - 2 = 0. Let l(p) = -3*p + 9. Let v(n) = -2*n + 6. Let d(u) = 5*l(u) - 8*v(u). What is d(o)?
1
Let k be 175/(-21) - (-4)/(-6). Let o(q) = q**3 + 10*q**2 + 10*q + 8. What is o(k)?
-1
Let l(y) be the second derivative of y**5/20 - y**4/6 + y**3/6 - y**2 - 11*y. Calculate l(3).
10
Let b(p) = -83*p - 6*p**2 - p**3 + 77*p + 0*p**2 - 6. Suppose 2*k = -8, 4*r + 2*k + 24 = k. Give b(r).
-1
Let k(a) = 4*a**3. Let p be k(1). Let y(z) = -3*z - p*z + 1 + 5*z + 5*z. Determine y(3).
10
Let z = -25 - -27. Let r(l) = 0 + 0 - z - l**2 - 3*l. What is r(-2)?
0
Let a(q) = q**2 - 7*q + 5. Let u be ((-3)/(-2))/((-9)/(-120)). Suppose 0 = -4*m + 11 + 1. Suppose -c + u = m*c. Give a(c).
-5
Let r = 11 + -9. Suppose -2*v - 12 = -r*u, 3*u - 5 = 4. Let p(n) = -3*n - 2. Give p(v).
7
Let s(v) = v**2 + 6*v. Let g(d) = d**2 + 7*d. Let l(z) = 2*g(z) - 3*s(z). Let o = -10 + 6. What is l(o)?
0
Let u(f) = -5*f**2 + 3*f + 1. Let d(c) = 14*c**2 - 8*c - 3. Let m(i) = 4*d(i) + 11*u(i). Suppose -2*z + 7 - 1 = 3*n, 3*z + n = 2. Give m(z).
-1
Suppose 6*w + 4*y - 22 = 3*w, -2*w + y + 22 = 0. Let l(a) = a**2 - 10*a - 4. Let k be l(w). Let j(q) = q**3 + 3*q**2 - 5*q - 2. Give j(k).
2
Let g(f) be the third derivative of f**4/8 - 4*f**2. What is g(4)?
12
Suppose -9 = 5*r + 6. Let f be (r/(-4))/(2/16). Let b(z) = -z**3 + 6*z**2 + z - 4. Calculate b(f).
2
Let k(o) = 14*o**2 + o - 1. Let z be k(1). Suppose 0 = -f - 2, -t + 2*f = -3*f - z. Let q(u) = -t*u**2 + u**3 - 4 + 2*u - 4 + 2 + 3. Calculate q(3).
-6
Let h = 4 + -9. Let b = 2 - -2. Let c(m) = m + 1 - b + 1. Determine c(h).
-7
Let w(a) = -a**3 - 7*a**2 + 7*a - 3. Let q(r) = -r**2 + 1. Let j be q(-3). Calculate w(j).
5
Let u(h) = -1. Let g(m) = 4*m - 1. Let n(s) = s + 1. Let o(t) = g(t) - 5*n(t). Let f(i) = -o(i) + 2*u(i). What is f(-5)?
-1
Let d(u) be the third derivative of -u**6/360 + u**5/120 + u**4/12 - 2*u**2. Let i(r) be the second derivative of d(r). Calculate i(4).
-7
Let p be -1*4 + (3 - 3). Let k = p - -6. Suppose -k*h - 1 = 5. Let m(a) = 3*a. Determine m(h).
-9
Let w(r) = -r**3 - 3*r**2 + 2*r + 1. Let k(j) = j - j - j - 1. Suppose 1 = 2*h - 5. Let u be k(h). Give w(u).
9
Let j(v) = -2*v**3 + 8*v**2 + 4*v - 7. Let k(m) = 3*m**3 - 12*m**2 - 6*m + 10. Let q(z) = -8*j(z) - 5*k(z). What is q(4)?
-2
Let z(d) be the first derivative of d**4/8 - 2*d**2 + 6. Let y(x) be the second derivative of z(x). Give y(-2).
-6
Let a be (0 + -1)*(1 - 4). Let o(z) be the first derivative of -z**3/3 + 3*z**2/2 - 3*z + 1. Give o(a).
-3
Let z(n) = -3*n + 17. Let m be (-2)/(3 - (-44)/(-12)). Let d(y) = -2*y + 9. Let a(s) = m*z(s) - 5*d(s). What is a(0)?
6
Let s(p) = p**2 - 5*p + 2. Let c be s(5). Let x(d) = -2 - d**2 + 6*d + c - 3 - 3. What is x(4)?
2
Suppose 0 = w - 1 - 3. Let o(a) = -6*a - 6*a**2 - a**2 - w + 8*a**2. Determine o(5).
-9
Let u(y) = -37*y**2 + 4*y + 7. Let p(i) = 19*i**2 - 2*i - 3. Let g(r) = 5*p(r) + 2*u(r). Determine g(-1).
22
Let j(r) = r - 6. Let z be (0 - 2)*2/(-4). Suppose 2*q = 8, -2*q - 14 = n - z. Let c be 6/n - 30/(-7). What is j(c)?
-2
Let b = 17 + -9. Let v be ((-2)/(-3))/(b/12). Let w(d) = -d**3 + d**2. What is w(v)?
0
Let u be (-117)/(-26)*4/6. Suppose -4*j = 12 - 40. Let w(q) = -9*q + 17. Let z(v) = 4*v - 8. Let r(g) = j*z(g) + 3*w(g). Calculate r(u).
-2
Let y(t) = -6*t + 10. Let x be y(-10). Let z be x/22 - (-6)/(-33). Let s(u) = u**3 - u**2 - 4*u + 1. Give s(z).
7
Let x(y) = y**2 + 4*y - 3. Suppose -a + 4*i = 5*i - 42, -2*a + 88 = -2*i. Suppose -2*r - a = 3*t + 3*r, 0 = -r - 5. Determine x(t).
9
Let b(v) = -4*v**2 - 13*v + 17. Let t(f) = -f**2 - 3*f + 4. Let i(w) = 2*b(w) - 9*t(w). Give i(2).
4
Let q(v) be the second derivative of -v**3/6 + 16*v. Calculate q(-6).
6
Let x(w) = -w**3 - 5*w**2 + 5*w - 6. Let m be x(-6). Let f(t) = t + 2. Let y be f(0). Let r(k) = 4*k**y - 3*k**2 + 1 + 2*k - k. Give r(m).
1
Let b be (16/(-4))/(1/(-2)). Suppose -3*t = -b*t. Let c(k) = 0*k + k**3 + k**2 - 2 + 0*k. Calculate c(t).
-2
Let z = 21 + -17. Let c(h) = -4*h - 2. Let k(x) = -x - 1. Suppose -5*o - 15 = -0*o. Let i(v) = o*k(v) + c(v). Determine i(z).
-3
Let y(h) = -4*h**3 + h**2 - 2*h + 3. Let i(o) = 5*o**3 - 2*o**2 + o - 3. Let a(j) = 5*i(j) + 6*y(j). Let r = 5 - 0. Suppose 0 = -r*n + 16 + 9. Give a(n).
-